and 126.
14
Let l(u) = -u + 1. Let y be l(-5). Let b = y + -6. Suppose b*a = 5*a - 30. Calculate the greatest common factor of a and 66.
6
Let r(v) = -v**3 - 13*v**2 - 3*v - 30. Let h be r(-13). What is the highest common factor of 15 and h?
3
Suppose -2*z + 0*z = 80. Let j = -28 - z. Calculate the greatest common divisor of j and 72.
12
Let t = -74 - -140. What is the highest common divisor of 6 and t?
6
Let n = -132 + 180. Calculate the greatest common divisor of n and 3.
3
Suppose 4*h + 5*q = 2, -5*h - 3*q - 8 = -2*q. Let b(m) = -43*m + 2. Let y be b(h). What is the greatest common factor of y and 11?
11
Let s = 53 + -27. Suppose 0 = 41*m - 36*m - 1430. Calculate the highest common divisor of s and m.
26
Let p be ((-14)/6)/(9/(-27)). What is the highest common factor of 1 and p?
1
Let g be 11/(-33)*1*-9. Calculate the greatest common divisor of g and 33.
3
Let f = 27 + -25. Calculate the highest common divisor of 8 and f.
2
Suppose -4*v + 14 = -2. Suppose -v*c = c - 65. What is the highest common divisor of c and 65?
13
Let u(o) = -1 - 6*o + 2*o**2 - o**2 + 1. Let q be u(7). Calculate the greatest common divisor of q and 1.
1
Suppose -6*r + 3*r + 168 = 0. Let u = -20 + 27. What is the highest common divisor of u and r?
7
Let r = 77 - -15. Suppose 4*n - 40 - r = 0. Calculate the greatest common divisor of 11 and n.
11
Let s be (3 - 21/12)*-16. Let k be 25*(-3 - 68/s). Let y(c) = c**3 - 6*c**2 + 2*c + 8. Let a be y(6). What is the greatest common divisor of k and a?
10
Let j = 34 - 9. Let m = -9 + j. What is the greatest common factor of m and 128?
16
Suppose 240 = -2*n + 4*n. Suppose l = -r + 2*l + n, 2*r + 3*l - 220 = 0. Let q = -52 + r. What is the greatest common factor of 8 and q?
8
Suppose 0 = -4*d - 5*i + 35, -5*i - 18 = 7. Calculate the greatest common factor of d and 45.
15
Suppose -1 = -d, 3*d = 2*c - 0*c - 57. Calculate the greatest common divisor of c and 110.
10
Let q = 0 - -20. Let k = -10 - -30. What is the highest common factor of q and k?
20
Let w be (-3 - 70/(-25)) + (-51)/(-5). Calculate the greatest common factor of w and 40.
10
Suppose 3*v + 0*v = 9. Suppose 0 = v*c + 2*c - 80. Calculate the greatest common factor of c and 2.
2
Let c(k) = k**2 + 2*k + 1. Suppose -5*w = 2*j + 14, -3*w - w - 31 = -5*j. Let a be c(w). Let l = 11 - -16. What is the greatest common divisor of a and l?
9
Suppose 2*s + 36 = 4*s. Let a be ((-9)/(-6))/(3/2). Let o = s - a. What is the highest common divisor of 119 and o?
17
Suppose 5*t + 2*v = 4*v + 421, -3*t - 4*v + 263 = 0. Suppose 4*x + 5*k - 98 + 30 = 0, -5*x + 3*k + t = 0. What is the highest common divisor of x and 68?
17
Suppose -4*p = -4*m - 216, -59 = -2*p + 4*m + 41. Calculate the highest common factor of p and 290.
58
Suppose -3*g - 2*l + 3 = -0, g = l + 6. Suppose 0*a + 12 = -3*a, 5*i = g*a + 107. Calculate the highest common divisor of i and 57.
19
Suppose 0 = -3*s + 11*s - 72. What is the greatest common factor of s and 27?
9
Let q be (-4)/(-10) - 193/(-5). Calculate the greatest common factor of q and 78.
39
Let b be -4*(-45 + 6/(-2)). Calculate the highest common factor of 24 and b.
24
Suppose 0*s = 2*s - 70. Suppose 0 = -i - 5*q + 12, 0 = -i + 2*q - 3*q + 8. Calculate the highest common factor of s and i.
7
Let b = 11 - 8. Suppose 3*o - 36 = -b. Let z(i) = 56*i**3 - 2*i**2 + i. Let v be z(1). Calculate the highest common factor of o and v.
11
Suppose c + 12 = 3*o, -o - c = o - 8. Let z = -100 - -45. Let i = 83 + z. Calculate the greatest common factor of o and i.
4
Let n(w) = w + 2. Let h be n(2). Suppose 0 = -h*k, -3*m = -7*m + 4*k + 72. Calculate the greatest common factor of m and 54.
18
Let x be -3*17*(-91)/39. What is the highest common factor of 17 and x?
17
Let f be 4/(-12) - (1 + (-19)/3). What is the highest common divisor of f and 20?
5
Let q = 10 - -2. Let r = q - 11. Calculate the highest common divisor of r and 7.
1
Let t be (-21)/(-49) - 134/(-14). Let g be (-9)/6*20/(-3). Calculate the highest common divisor of t and g.
10
Let k be (0 + (-20)/5)/(-1). What is the greatest common factor of 32 and k?
4
Suppose 2*l = -0*l + y + 8, 5*y - 26 = -l. Calculate the greatest common factor of 2 and l.
2
Suppose a + 61 = 2*r, -3*a = 3*r - a - 88. What is the greatest common divisor of r and 30?
30
Let r(g) = -2*g**2 + 7*g - 5. Let o be r(4). Let q be (34/(-4))/(2/(-4)). Let c = q + o. Calculate the highest common factor of 8 and c.
8
Let u be ((-27)/6)/((-6)/12). What is the highest common divisor of u and 6?
3
Let f(z) = z**3 - 4*z**2 - 29*z - 2. Let m be f(8). Suppose 5*v = 2*q - 71, 161 + 6 = 5*q - 2*v. What is the highest common factor of m and q?
11
Let k(q) = 2*q**2 - 4*q + 3. Let i be k(4). Suppose 2*x - 3*j = i, 10 - 38 = -4*x - 4*j. What is the greatest common divisor of x and 20?
4
Let v be 24/(1 + 0) + -4. Calculate the highest common factor of v and 160.
20
Let w = 85 - 21. What is the greatest common divisor of w and 8?
8
Suppose -4*m = j - 5, -5*j = -j - 5*m - 20. Suppose -j*h + 127 = -4*p, p + 4 - 33 = -h. Suppose 0*l = 3*l - h. What is the highest common divisor of l and 36?
9
Let p(d) = -d**2 - 3*d + 2. Let z be p(-3). Let r = 2 - -1. Suppose -6 = r*n + 9, -u - n = -11. Calculate the highest common divisor of u and z.
2
Let d(v) = 4*v**2 - 7*v - 11. Let g be d(5). Suppose -3*l + 0 = 2*a - 8, -2*l + 7 = a. Calculate the highest common factor of g and l.
6
Let j be (0/1)/(1/1). Suppose j = f - d + 9, -f - 3*d + 15 = 2*d. Let t be (-50)/(-4)*(-16)/f. What is the greatest common divisor of t and 100?
20
Let h be 648/16*14/3. Suppose 4*a = 7*a + 87. Let z = -8 - a. Calculate the highest common divisor of z and h.
21
Suppose -25 = -5*z - 10. What is the highest common factor of z and 12?
3
Suppose 9*b = 6*b + 450. What is the greatest common factor of 50 and b?
50
Let k(f) = 146*f + 55. Let p be k(4). What is the greatest common divisor of 71 and p?
71
Let w(v) = 4 - 16 - 5*v + 4*v + 0. Let q be w(-5). Let x = 20 + q. What is the highest common factor of 91 and x?
13
Let y(w) = 3*w + 3. Suppose -7 + 2 = l, 4*l = h - 22. Suppose -h*j = 4 - 22. Let o be y(j). Calculate the greatest common factor of 20 and o.
10
Let d be 6 - (-1 - -2) - 2. Let l be (2/2)/(-1 - -2). Let p = 0 + l. Calculate the highest common factor of p and d.
1
Suppose -3*p = 2*p. Suppose p = -5*d - 5*o, -o - o = 3*d. Suppose -2*f + d*f + 17 = m, 0 = f + m - 8. What is the highest common factor of 45 and f?
9
Let c(y) = y**3 - 2*y**2 - 3*y + 1. Let r be c(3). Let p = -24 - -33. What is the greatest common divisor of r and p?
1
Suppose -3*a + 5 + 7 = 0. Suppose z - 6*z + 5 = -y, -4*y + a = 4*z. Let x be 4 - (0 + z)*1. What is the highest common divisor of 12 and x?
3
Let t be ((-51)/(-3))/((-3)/21). Let r = 25 - t. Calculate the highest common divisor of r and 16.
16
Let t(g) = g**2 + 11*g + 7. Let k be t(-10). Let q(b) = 3 + 0*b - 2*b**2 + 3*b + 3*b**2. Let z be q(k). What is the greatest common divisor of z and 9?
3
Let p(j) = -5*j + 13. Let z(l) = 6*l - 13. Let o(f) = -4*p(f) - 3*z(f). Let b be o(11). What is the highest common factor of b and 9?
9
Let k(a) = -21*a - 1. Let g be k(-1). What is the greatest common factor of 30 and g?
10
Let d be 426/27 - (-8)/36. Calculate the greatest common divisor of 8 and d.
8
Let o(u) = 84*u**2 - u - 1. Let k be (-2)/11 + 26/22. Suppose 0 = z + k. Let i be o(z). Calculate the highest common factor of 12 and i.
12
Suppose 0 = -b - 0*b - 2*m + 36, 5*m = b - 8. What is the greatest common factor of b and 84?
28
Let t(x) = 4*x + 52. Let c be t(-11). What is the highest common factor of 4 and c?
4
Let p be 0/(0 - 4/2). Let o = p + 4. Let v be (-8)/(-12) - 464/(-24). What is the greatest common divisor of v and o?
4
Let h = -134 - -149. Calculate the greatest common divisor of 5 and h.
5
Let s be ((-2)/7)/((-3)/42). Let x be (14/s + -3)*8. Calculate the highest common factor of x and 44.
4
Suppose 9*b - 4*b = -2*j - 45, -3*j - 5*b - 65 = 0. Let p be j/2*-3*1. Calculate the greatest common divisor of p and 75.
15
Let j = 7 - 0. Calculate the greatest common factor of 77 and j.
7
Let c be 2/(1 + -5)*108. Let p be 0 + 1 - 1 - c. Let w be 6/21 - p/(-7). What is the greatest common factor of w and 8?
8
Suppose 3*l = 3*u - 9, -2*l - 2 = -0*l - u. What is the greatest co